f g and 130.
26
Suppose -4*o + 3*h = 6, 0*h - 5*h - 22 = 4*o. Let j be 1/3 + (-8)/o. Let s(g) = g**2 - 10*g + 39. Let c be s(4). What is the greatest common divisor of j and c?
3
Suppose 0 = -37*d - 173 + 456 + 309. What is the greatest common divisor of 472 and d?
8
Let t(y) = -6*y**2 + 84*y - 126. Let l be t(11). What is the highest common divisor of l and 15960?
24
Let k = 1782 - 1442. Calculate the greatest common factor of k and 646.
34
Let z(n) = n**3 - 3*n**2 - 7*n - 1. Let m be z(-2). Let g be 99 - (3 - (-5 - m))*-5. Calculate the highest common factor of g and 16.
8
Let f be ((-1123)/(-2))/(8/(-16)). Let g = f + 1167. Suppose 2*i + 2*i = 352. Calculate the highest common factor of i and g.
44
Let d(v) = -106*v + 1830. Let p be d(17). Calculate the greatest common divisor of p and 116.
4
Let n(c) = 3*c**2 - 2*c - 13. Let f be n(7). Let i be (-1230)/(-4)*f/100. Calculate the greatest common divisor of i and 18.
9
Suppose 0 = -4*y - 17*y + 9114. Calculate the greatest common divisor of y and 5425.
217
Let q be -3 + (16 - -3) - 4*-1. Let w be 6/q - (-908820)/600. What is the highest common divisor of w and 15?
15
Let h be (-42)/7 + 8 - 2. Suppose -5*w + 727 = 3*g, -4*g + h*g - 4*w + 956 = 0. Calculate the greatest common divisor of 18 and g.
18
Suppose 10*h = 6*h + 5*h. Suppose 0 = -h*a - 3*a. Suppose a = -k - 6*p + p - 4, 3*k = -4*p + 32. What is the highest common divisor of 24 and k?
8
Suppose -2*m - 2 = -h, -4*m - 6 = -3*h - 0. Suppose -5*c + 3*w + 37 = m, 2*w + w + 21 = 3*c. Calculate the greatest common factor of 392 and c.
8
Suppose 4*b + 2*m + 3*m = 79, -2*b = -3*m - 45. Suppose 0 = -3*r + 80 - 20. Suppose -r*t + 32*t = 36. Calculate the highest common divisor of b and t.
3
Let b = 63 - 54. Suppose -20*v + 1238 + 382 = 0. Calculate the highest common factor of b and v.
9
Suppose -4*a + 22 = 2. Suppose -3*w - 4*b + 155 = 33, a*w = 5*b + 145. Let q be (4 - (-72)/(-1))*(-4 - 0). What is the greatest common divisor of q and w?
34
Let m = -7 + 22. Let x = 118606 - 118571. What is the highest common factor of m and x?
5
Let h = 38 - 22. Suppose -2*v + 26 = -0*q + 5*q, 4*v = -q + h. Let l(n) = -n + 17. Let x be l(5). What is the highest common divisor of x and v?
3
Let p(u) = -125*u + 1. Let k be p(-1). Let v be 33 + 1 + (-12)/(-6). Suppose -m + 2 + 16 = 4*h, -2*m = -h - v. What is the highest common divisor of k and m?
18
Let f(v) = 192*v + 866. Let l be f(7). Calculate the greatest common factor of 390 and l.
130
Suppose -14*u + 51 + 25 = -190. Let h(d) = d - 50 + 0*d**2 + d**2 - 14*d. Let l be h(u). What is the greatest common factor of 8 and l?
8
Suppose 0 = -3*v - 5*g + 15, -12 + 75 = 6*v - g. Let y = 449 + -289. Calculate the greatest common factor of y and v.
10
Suppose 213*k = 238*k - 1425. Calculate the greatest common divisor of k and 6.
3
Let d be 2678 + (3 - -1 - (-216)/(-24)). What is the highest common divisor of 1701 and d?
243
Let x = -34 - -30. Let n be 3/x + (-10)/(-16)*-82. Let l = n - -148. Calculate the greatest common factor of 64 and l.
32
Suppose -5636 = 472*h - 16009 - 29275. What is the greatest common divisor of 322 and h?
14
Suppose 0 = -14*l + 29*l - 4215. Let n = l + -179. Calculate the greatest common divisor of 153 and n.
51
Let i = -112 + 163. Let v = i - 19. What is the highest common divisor of v and 32?
32
Let m = 2218 - 1734. What is the highest common factor of 66 and m?
22
Suppose 0 = 5*u - 3*k - 40, 20*u - 3*k + 70 = 25*u. Suppose 0 = u*n - 9*n, 3*n = 3*v - 234. Calculate the greatest common divisor of 52 and v.
26
Suppose 30 = 2*f - 2*c, 5*f - 2*c - 83 = -11. Let r be 15/(-60) + 1793/4. Calculate the greatest common factor of r and f.
14
Suppose -5*d - n = -6442, 997*n - 1002*n + 10 = 0. What is the highest common divisor of d and 56?
56
Suppose 11 = -61*l + 62*l. Let p be (-38)/209 + 6162/l. Calculate the greatest common divisor of 28 and p.
28
Suppose -5*g + 8 + 5 = -q, 2*g + 5*q = 16. Suppose -4*y + 74 = -g*y. Suppose 0 = 2*j + 4, -4*j = -2*i - 0*i + y. What is the greatest common factor of 22 and i?
11
Suppose 17203*b + 360 = 17213*b. Let p be ((-3)/4)/((-3)/96). Calculate the greatest common divisor of p and b.
12
Suppose 2*h - 3*p = 6*h - 75, -h - 4*p = -22. Let n = -570 + 696. Calculate the highest common factor of h and n.
18
Let g = 19 + -18. Let j(w) = 4*w + 8*w**2 + 3*w - 6*w - g - 3*w. Let v be j(-1). What is the greatest common factor of v and 9?
9
Suppose -5*g + 2580 = 4*j, 0 = -2*j - g + 181 + 1103. What is the highest common divisor of j and 48?
16
Suppose -5*r + 976 = 2*m, -4*m + 35*r = -1374 - 1388. Let s be 2/(-3) - (-82)/6. Calculate the greatest common factor of m and s.
13
Suppose -3*s + 10288 + 1773 = c, 0 = 4*c - 3*s - 48289. What is the greatest common divisor of c and 284?
142
Let a = 2290 - 1906. Suppose 7*d = 12*d - 120. Calculate the highest common divisor of d and a.
24
Suppose 32*v - 135*v + 46144 = 0. What is the highest common factor of 128 and v?
64
Let y(w) = 5*w**2 + 22*w + 17. Let t be y(-5). Let q be 1/6 - 22/(-12). Suppose i - 72 = -q*i. What is the greatest common factor of t and i?
8
Suppose -x + 30 = -14. Let b = 17735 + -17603. What is the highest common factor of b and x?
44
Suppose -9786 - 1188 = -4*z - 5*v, -3*z + 8248 = -5*v. Calculate the greatest common divisor of 2 and z.
2
Let g be (-5)/(-30)*-3*-204. Let c(n) = -4*n + 84. Let k be c(18). What is the highest common divisor of k and g?
6
Let a be 2/(-5) - (-19698)/2345. What is the greatest common divisor of 152 and a?
8
Let y = 80 - 10. Suppose -169 = -3*m + v, -m + 718*v + 53 = 721*v. What is the highest common factor of m and y?
14
Let l(w) = -10*w**2 - 271*w + 13. Let t be l(-27). What is the greatest common factor of 128 and t?
8
Let n(c) = c**2 + 23*c - 41. Let u be n(-25). Suppose -53 = -u*d + 127. Suppose -8*j = -d*j + 924. What is the highest common factor of 7 and j?
7
Let q(x) = 3*x**3 + 9*x**2 + 4*x + 3. Let c be q(-2). Suppose 37*d - 510 = c*d. Calculate the highest common factor of 272 and d.
17
Let v(t) = t**3 + 15*t**2 - 22*t - 70. Let c be v(-15). Let q = -239 + c. What is the highest common factor of q and 12?
3
Let y = 882 + -858. Suppose -t + 0*t = 2*q - 69, -4*t + y = q. What is the highest common factor of 243 and q?
9
Suppose -282 = -4*j + 2*j. Let n = j - 121. Calculate the greatest common factor of 140 and n.
20
Suppose 5*g = -3*z - 15 + 40, 4*g + z = 20. Suppose -g*t + 39 + 61 = 5*n, t + 112 = 5*n. Calculate the greatest common factor of 33 and n.
11
Let o be 4/10 - 7624448/(-1580). What is the greatest common divisor of 76 and o?
38
Let k = -4415 - -4849. Let g(c) = 5*c - 26. Let d be g(8). Calculate the highest common factor of d and k.
14
Let g = -5211 - -7563. What is the greatest common divisor of 96 and g?
48
Let j(x) = 55*x**3 - 2*x**2 + 15*x - 18. Let r be j(2). Calculate the greatest common factor of 37 and r.
37
Let u = 61 + 67. Suppose -192 = -10*p + u. What is the highest common divisor of p and 512?
32
Let l = 7 - 0. Let z = 102 + -42. Let k be 2 - l/((-28)/z). Calculate the highest common factor of k and 17.
17
Suppose 0 = 3*t + 9, 2*y + 351*t - 353*t = 3930. What is the greatest common divisor of y and 72?
18
Let a = -226 - -230. Suppose 5*g + 3*d = 110 + 700, -3*g + a*d + 486 = 0. What is the greatest common divisor of 36 and g?
18
Let y be 434 + -7 - (-1 - -1). Suppose -17*f = -43 - 1283. Suppose f*n = 57*n + 1281. What is the greatest common divisor of n and y?
61
Let p = -9841 + 9859. Calculate the greatest common divisor of p and 38.
2
Let o be ((-320)/(-28))/(-5)*((-33)/22 - 2). Let m(q) = 34*q**2 + 3*q - 1. Let r be m(-3). What is the highest common factor of o and r?
8
Let f(o) = 3*o**2 + 10*o - 10. Let b be f(1). Suppose 2*p + 2*d = 154, 5*d = -p + 62 + b. Calculate the highest common divisor of 40 and p.
40
Suppose -13*a - 69 + 4 = 0. Let h be (-3768)/(-15) - (-1)/a. Suppose 0 = 8*n - 781 - h. Calculate the greatest common factor of n and 43.
43
Suppose 5*o - 144 = -l, -532 = -4*l + 2503*o - 2501*o. What is the highest common divisor of l and 8643?
67
Let v be (1 - 3 - 5)/((-4)/68). Suppose -5*o = 2*o - v. Suppose 0 = 4*c - 65 + o. What is the highest common divisor of c and 30?
6
Suppose -5*j = -3*m + 573 - 546, 5 = 2*m + j. What is the great